5
Calculate 0 + -6 + 5 + (-12 - -9).
-4
1 + (-6 + 1 + 2 - 2)
-4
What is -147 + 138 + (0 - 1 - -7)?
-3
Calculate (9 + -3 - 1) + -6.
-1
Calculate 12 + -15 + (-2 - (1 - 1)).
-5
-5 + 2 - (2 + -2 + 2)
-5
Evaluate -5 - (-2 - -1) - (-9 - -2).
3
What is the value of 2 - -1 - (-3 + 10 - 2)?
-2
Calculate (4 - -4 - 2) + -7 - -3.
2
What is -3 + (4 - -3) - 4?
0
Calculate (-9 - -2) + 3 - -4.
0
What is the value of 2 + 3 + (6 - 10)?
1
What is -5 + (3 - -5) + -6?
-3
What is -4 + 4 - (1 + -3)?
2
Evaluate (2 - 0 - 4) + (7 - 2).
3
Evaluate (1 - -1 - 2) + (-13 - -17).
4
What is -19 - (3 + -8) - -7?
-7
Calculate 12 - (0 - -16) - 3.
-7
(-3 - -3) + 1 - 3
-2
What is 13 - (-5 + 8) - 6?
4
What is 17 - (28 - 8) - (-6 - 1)?
4
Evaluate (22 - 25) + (1 + 0 - 3).
-5
Calculate 3 + (1 + 0 - 1) - 1.
2
What is (-11 - (-4 + 0)) + 2?
-5
What is the value of -1 + 4 - (2 - 0 - -1)?
0
Calculate 4 + (7 - -4 - 1) + -8.
6
What is -7 - (-3 - 0) - -3?
-1
Evaluate 2 - -16 - 9 - 5.
4
Evaluate -3 - (6 + (-5 - 2)).
-2
(-7 - (-5 + (-2 - -3))) + 0
-3
What is -1 - (-2 - -3 - -2) - -1?
-3
What is the value of -4 + -1 + (1 - -12) + -5?
3
Calculate -1 + 5 + -2 + -2.
0
17 + -18 - (-1 + 0 + 0)
0
What is 3 + (1 - 4) - -4 - 3?
1
What is 3 + -1 + 88 + -85?
5
What is (77 - 69) + (1 - 6)?
3
What is -5 + 8 + (3 - 6) - 2?
-2
What is -7 + 7 + 1 - -6?
7
Evaluate -5 + -9 + 13 - (1 + 0).
-2
What is the value of -2 + 0 - 1 - (4 + -9)?
2
What is (-1 - 8) + 16 - -1?
8
Calculate (9 - 1) + (38 - 55).
-9
What is the value of -3 - (-5 + 6) - (-8 - -1)?
3
What is the value of 1 + 0 - (-3 - (0 + -2))?
2
Evaluate -2 + 10 - (72 - 69).
5
What is the value of -3 + 3 + -3 - -3?
0
Evaluate -14 + 12 - 15 - -8.
-9
What is the value of 0 + 4 + (4 - 5)?
3
What is the value of (3 - 1 - -2) + (-1 - 0)?
3
Calculate (6 - 0) + (-25 - -20).
1
Calculate (-4 - -4) + 1 + 1 + 0.
2
0 + -3 - 0 - 2
-5
Calculate 6 + (-7 - 8 - -13).
4
What is (-1 - 0) + -11 + 15?
3
Calculate -2 + 1 + 0 - -4.
3
What is 4 - -1 - (-23 + 30)?
-2
Evaluate 0 + 7 + (-6 - (9 - 5)).
-3
-6 + 3 - (6 - (0 + 2))
-7
Evaluate -5 + (-4 - -15) + -8 + -3.
-5
Evaluate -2 + (1 - 3) + (-13 - -16).
-1
-52 + 51 - ((-1 - -3) + 1)
-4
What is 4 + 0 - (11 + -8)?
1
What is 0 - 1 - (-5 + 7) - -1?
-2
(2 + -15 - -18) + -3 + 2
4
Evaluate (-19 - -10 - -5) + 5 + 0.
1
What is the value of 6 - 1 - (4 - -3)?
-2
What is the value of -4 - (0 + (2 - 4)) - 1?
-3
What is 6 - 8 - (9 - 9 - 4)?
2
Calculate (-14 + 15 - 9) + 4.
-4
What is 0 + -3 + -2 + 111 + -110?
-4
Evaluate -2 + 1 - (4 + 0).
-5
Calculate -1 + -2 + (-40 - -43).
0
Evaluate 13 - 17 - (-4 + -1).
1
Evaluate 0 - (9 + -4 + 1).
-6
What is the value of 17 + -12 - (-1 - -4 - -7)?
-5
Evaluate -1 + -4 + 5 - -5.
5
(-3 - (1 + -12)) + -1
7
Evaluate 0 + 0 - (4 + 1) - -4.
-1
(0 - 0) + 4 - 9
-5
(-2 - -2) + 2 - (9 - 13)
6
Evaluate 1 + 0 + 6 - 3.
4
5 - 5 - 6 - -6
0
What is the value of -46 - -43 - (3 + -13)?
7
-6 + -2 - (-50 + 36)
6
What is -4 + (0 - (4 + -8)) + 2?
2
What is -2 - (-2 + -2) - (-20 - -15)?
7
What is -2 + 2 + 3 + -3?
0
What is the value of (-22 - -22) + (1 - -3) - -5?
9
Evaluate (8 - 10 - -3) + 1.
2
What is the value of (-4 - -1 - (2 + -5)) + -6?
-6
What is -2 + -3 - (-7 + -6 + 5)?
3
Evaluate 1 + -4 + -1 + 0.
-4
What is the value of -3 + 0 + (0 - (1 + 0))?
-4
Calculate (0 - 9) + 6 + 1 - -7.
5
What is the value of 0 + (0 + 3 - 6) + 2?
-1
What is the value of 0 + -5 + (-3 - -5)?
-3
What is the value of 0 + -4 - (-7 + (9 - 14))?
8
-1 + 2 + -2 + -2
-3
What is the value of -8 - (-10 + 3) - (-1 + 1)?
-1
Evaluate -13 + -1 + 3 - (42 - 49).
-4
What is the value of 2 + ((1 - -2) + 3 - 4)?
4
What is -6 + 9 - (2 - -3)?
-2
What is the value of 5 - (10 + -10 + 7)?
-2
Calculate 1 + (8 - 1) - 2.
6
What is 5 - ((0 - (3 + -6)) + -6)?
8
Evaluate 117 + -122 + 0 + -2.
-7
Calculate 40 + -44 - (0 + -3).
-1
Calculate -7 + (0 - (5 + -8)).
-4
What is -3 + 0 + (-2 - -5) + -5?
-5
55 + -48 + (-2 - -1)
6
What is 0 + 0 + 3 + -4 - 2?
-3
Evaluate -4 + 2 - (0 + 2).
-4
What is 3 + 3 + 1 + -6?
1
Calculate 1 + 3 + 0 - (0 + -1).
5
What is -2 - -5 - (-8 + 6 - 0)?
5
Evaluate -8 - (-4 + 5 + -10).
1
-4 + -4 + 3 + (1 - 1)
-5
What is the value of 11 - (-11 - -23) - (0 + 1)?
-2
What is the value of 2 + (-3 - (-9 + 3 + 4))?
1
1 + (4 - (-13 - -14))
4
(-1 - 2) + 3 + 0
0
What is the value of (-1 + 7 - -4) + -3 + -3?
4
(14 - 6) + (-3 - (1 - 0))
4
What is the value of -76 - -76 - (0 + -8)?
8
-3 - -4 - (-4 - -6)
-1
What is (-1 - 6 - -1) + 3?
-3
28 + -23 - (-6 - (2 + -4))
9
What is the value of -9 + 9 + (2 - -2)?
4
What is the value of 27 + (-22 - -13) + -14?
4
Calculate (2 - 1) + -4 - 1.
-4
Evaluate 15 + -27 + 4 + 1.
-7
What is -1 + 9 + (3 - 6)?
5
(1 - (-5 - -14)) + 12
4
Calculate (38 - 29) + 1 + -9.
1
Calculate 2 + -8 + -2 + 2 + 6.
0
1 - 8 - (-5 - 0)
-2
Calculate 3 - (-7 - -4 - (1 + -2)).
5
What is -2 + 31 + -32 + 5 + 1?
3
Evaluate (-26 - -11) + 16 - (-1 - 2).
4
What is 1 - 2 - (26 + -27)?
0
Calculate 12 - 4 - (32 - 30).
6
Evaluate 1 - (-3 + (1 - 3 - -2)).
4
32 + -40 + (8 - 2)
-2
-3 + (5 - (5 + -3)) - 3
-3
0 + 1 - 4 - (30 + -27)
-6
Calculate 2 - 1 - -2 - (25 - 27).
5
What is the value of -2 - ((20 - 24) + 4 + 1)?
-3
Calculate -7 - -1 - (-21 - -20).
-5
Calculate -9 - (8 + -4) - -14.
1
Calculate -2 - (4 + -11 + 1).
4
What is 11 + -6 + 2 - (8 - -1)?
-2
What is the value of (2 - 1) + -7 - (14 - 18)?
-2
Evaluate 0 - (5 + (-13 - -6)).
2
What is (0 - -1 - 2) + 132 + -128?
3
(1 - 1) + 3 - (-5 + 12)
-4
(6 - 6) + (-10 - 0) + 4
-6
11 + -7 - -2 - (4 - 0)
2
Evaluate 5 + 1 + 2 + -4 + -2.
2
-5 + (-12 - -5) + 3
-9
Calculate -4 - 0 - (4 - (5 - -3)).
0
Calculate (1 - 0) + (-7 - (6 + -7)).
-5
Calculate 5 - (4 + (2 - 6)).
5
Calculate -4 + 2 + 3 + -1.
0
What is 0 + -3 + 2 + -5 + 3?
-3
Calculate 3 + 4 + 8 + -10.
5
Calculate (9 + -4 - -5) + -7.
3
Calculate -3 + (12 - (4 - (0 + -2))).
3
4 + (-5 + -10 - -14)
3
Calculate -12 + (7 - 0) - 6.
-11
What is (0 - 2) + -3 - (-1 + 0)?
-4
Evaluate (15 - -2) + -13 + (0 - -6).
10
Evaluate -2 + 8 + (6 - (11 - -5)).
-4
Evaluate 2 - 1 - 4 - (-6 - 0).
3
Evaluate 1 + (5 - 12) + 10.
4
Calculate (-1 - 10) + -11 + 12 + 3.
-7
Calculate 4 + -4 + (-3 - 0) - -2.
-1
(-2 - 0 - -4) + -5
-3
Evaluate (5 - (-7 - -10)) + -1 + -2.
-1
Evaluate -9 + 7 - (4 + -7).
1
Calculate -3 + (4 - -2 - (-3 - -9)).
-3
Evaluate 6 - (2 + (-3 - -5) + -1).
3
(-2 - 0) + (-6 - (10 + -12))
-6
Calculate 14 + 9 + -17 - 0.
6
What is the value of 7 - (-1 - (-3 - (0 - 0)))?
5
What is the value of -2 + -2 - (-2 + -2)?
0
Calculate -1 + 3 + (5 - 12) + -2.
-7
Calculate -7 + 4 + (0 - (-1 + 3)).
-5
Evaluate 3 + -3 + (-5 - (1 + -1)).
-5
What is 5 - (11 - 17) - 2?
9
What is the value of (6 - -2) + (-7 - (1 - -7))?
-7
Calculate (2 - (6 - 10)) + -3 - 5.
-2
What is the value of 3 - 0 - 8 - 0?
-5
What is -8 + (19 - (-11 + 19))?
3
Evaluate (3 - -4) + (7 - 14).
0
(1 - 5) + (5 + -11 - -9)
-1
What is 5 - (8 + 4 + -3)?
-4
0 + 6 + (3 - 4)
5
What is (0 - 2) + 7 - 5?
0
What is 5 + (1 - 1 - (1 + 2))?
2
Evaluate -14 + 21 - (9 + -1).
-1
2 - (53 + -49 - (3 - 1))
0
What is the value of (-6 - -7) + 0 + -2?
-1
Calculate 8 - (4 + -2 + 2).
4
Evaluate -1 + -4 + 3 - (2 - 2).
-2
Calculate 2 + -4 + (3 - 2) + 0.
-1
-5 + -5 - -5 - (0 - 1)
-4
What is the value of -8 + (3 - 1) - -2?
-4
Evaluate 3 - 6 - (-2 - 2) - -4.
5
-7 + (7 - (6 - 3)) + 7
4
What is 2 - (4 - (8 + -4 + 1))?
3
What is the value of -17 + 9 + (3 + 0 - 2)?
-7
(-44 - -34) + 5 + 2
-3
Evaluate -2 - (-3 + 3 - -2) - 1.
-5
Calculate 1 - (8 + (-4 - (4 + -2))).
-1
1 - (2 + -12 - -7)
4
Calculate 3 + -7 - (-3 - 0).
-1
-3 - (10 + -8 + -6)
1
Calculate (-2 - (5 + -1)) + 6 + 2.
2
Evaluate -9 + 11 + (3 - 10).
-5
5 + (3 + 1 - 6) - 1
2
Calculate 5 + -7 + (3 - 17) + 7.
-9
Evaluate (1 - 1) + 15 + -13.
2
What is -4 + (12 - 5) + -5?
-2
What is the value of -4 + 5 + -1 - -1?
1
What is the value of 2 + (-4 - ((-2 - 1) + 5))?
-4
What is 5 + (-1 - 12) - -11?
3
What is 1 - (6 - (2 - 2)) - 0?
-5
What is (-6 + 2 - -9) + -8 + 0?
-3
What is the value of -1 - (4 + -14 + 13)?
-4
Calculate (3 - 3 - 2) + 3.
1
-1 + -2 + 29 + -28
-2
(4 - 6) + (6 - 1 - 2)
1
What is -4 + 1 + (3 - 5) + 4?
-1
Calculate 3 + -6 - (-1 + 0).
-2
Evaluate -2 - (1 + 2 + -3 + 3).
-5
(4 - 0) + -1 - -2
5
What is the value of 7 + -14 + 8 - 0?
1
Evaluate 1 - 3 - (-5 - -2).
1
What is the value of 0 + (-5 - -5) - (28 - 21)?
-7
Evaluate 5 - (2 + 2) - -1.
2
2 + 5 + (-